-a + 260 = 5*d + i*a. What is the remainder when d is divided by 17?
15
Let q = -15 + 22. Suppose 5*f = 6*y - 2*y - 96, 2*y = -5*f + 18. What is the remainder when y is divided by q?
5
Let i = -10 + 23. Suppose 0 = -8*k + i*k - 90. Calculate the remainder when 107 is divided by k.
17
Let g = -130 + 81. Let z = g + 136. Calculate the remainder when z is divided by 22.
21
Let a(q) = -q**3 - 10*q**2 + 9*q - 14. Let z be a(-11). Suppose 0 = 5*v + z - 43. What is the remainder when 8 is divided by v?
1
Let t be (-12)/9*((-15876)/(-8))/(-7). Suppose 8*g - t = g. What is the remainder when 214 is divided by g?
52
Suppose 2*d = -5*v - 93 - 37, -v = 2. Let u = -39 - d. Suppose -o + a = -u, -4*o - 2*a = -0*a - 72. Calculate the remainder when o is divided by 11.
8
Suppose 3*g - 14 + 2 = 0. What is the remainder when (g/(-12))/((-1)/141) is divided by 10?
7
Suppose 7*k - 5*t - 520 = 489, -3*t + 747 = 5*k. What is the remainder when k is divided by 15?
12
Let x = -14 + 27. Suppose 2*i = -3*d + 137, -144*i + 55 = -143*i - 3*d. Calculate the remainder when i is divided by x.
12
Let s = -36 - -40. Suppose 24 + s = 2*u. What is the remainder when 26 is divided by u?
12
Let j(a) = -30*a + 48. Calculate the remainder when 190 is divided by j(0).
46
Let i(n) = -48*n**3 + 2*n + 2. Let g be i(-1). What is the remainder when (3*134/36)/(8/g) is divided by 12?
7
Let h(b) = -10*b**3 - 4*b**2 + 5*b - 3. Let f be h(3). Calculate the remainder when f/35*(-60)/9 is divided by 29.
27
Suppose 5*l - 3 - 22 = 0. Calculate the remainder when 2/2*9 + -2 is divided by l.
2
Let i be 10/5 + (1 - 0). Let w(d) = d**2 + d + 3. What is the remainder when w(i) is divided by 10?
5
Suppose -3*k = -5*v - 7 - 83, 4*k - 120 = v. What is the remainder when k is divided by 17?
13
Let v(x) = 6*x**2 + 13*x - 9. What is the remainder when v(7) is divided by 42?
40
Let d = 9 - -20. Let v(c) = -24*c - 4. Let g be v(-3). Suppose g = 3*w - 0*w + 4*y, -5*y + 57 = 2*w. Calculate the remainder when d is divided by w.
13
Suppose 13*q - 64 = 9*q. What is the remainder when 138 is divided by q?
10
Let j = 72 + -36. Let z = -1405 + 1510. What is the remainder when z is divided by j?
33
Let j be (-105)/(-12) - (-9)/(-12). Suppose 12 + j = 5*c. Suppose -m - c*m = -95. Calculate the remainder when m is divided by 7.
5
Suppose y = 3*h + 45, 5*y + 3*h + 107 - 368 = 0. Calculate the remainder when y is divided by 5.
1
Let d = 231 - 226. What is the remainder when 25 is divided by d?
0
Let w(k) = -5*k + 8. Let o(b) = -b**2 - 5*b + 5. Let y be o(-6). Let g be -1*(2 + y)*13. Calculate the remainder when w(g) is divided by 25.
23
Let a = 275 + -258. What is the remainder when a is divided by 3?
2
Suppose -6 = m + 2*t, -3*m + 4 = t - 3. Suppose 171 = 7*g - m*g. Let q(h) = h**3 + 5*h**2 - 4*h - 5. What is the remainder when g is divided by q(-5)?
12
Let n = -63 - -114. Suppose 5*z - 44 = n. Suppose i = 2*w + 75, 0 = 5*w - 10*w. Calculate the remainder when i is divided by z.
18
Suppose -o - 22 = z + 4*z, -5*z - 24 = 2*o. Let x = -267 + 273. Let b = x + z. What is the remainder when 6 is divided by b?
0
Suppose 3*j + 3*a - 81 = 0, 13*a - 10 = 8*a. What is the remainder when j is divided by 6?
1
Let o(t) = 8*t**3 + 2*t**2 - 1. Suppose -4*h + 9 = -h. Suppose -3*d - h*n + 6 = -2*n, d = -2*n + 7. What is the remainder when o(d) is divided by 5?
4
Let k = 1146 - 991. What is the remainder when k is divided by 32?
27
Suppose -11*q = -166 - 329. What is the remainder when 56 is divided by q?
11
Suppose 31*k - 300 = -83. What is the remainder when 90 is divided by k?
6
Let b(p) = p**3 - 20*p**2 + 23*p - 32. Calculate the remainder when b(19) is divided by 40.
4
Let o be 0/(-2) - (4 - 7). Let x = -17 + o. Calculate the remainder when 87 is divided by (-6)/x - 755/(-35).
21
Suppose 4*z + 6 = -t + 15, 4*z = 4. What is the remainder when 143 is divided by t?
3
Let o = -24 - -32. Suppose -5*x - 3 = -o. Suppose 3*a - 5 - x = 0. Calculate the remainder when 6 is divided by a.
0
Suppose 3*q - 15 = -3*t, -8*t + 9*t - 35 = 5*q. What is the remainder when 435 is divided by t?
5
Let f = -1493 + 2546. What is the remainder when f is divided by 32?
29
Let o = 512 - 467. What is the remainder when 178 is divided by o?
43
Let b(u) = -74*u + 671. Calculate the remainder when 172 is divided by b(9).
2
Let i = 29 - 26. Calculate the remainder when 6/(-4)*-44 + i is divided by 35.
34
Suppose 4*y - y = 0, 5*r + 2*y - 110 = 0. What is the remainder when 67 is divided by r?
1
Let a(n) = -n**2 - 12*n - 1. What is the remainder when 92 is divided by a(-4)?
30
Let g(l) = l. Let n be g(0). Let s = n + 139. Calculate the remainder when s is divided by 35.
34
Suppose 0 = 5*i + 4*r - 409, 3*i - 3*r - 97 = 2*i. What is the remainder when i is divided by ((-68)/102)/((-6)/261)?
27
Let p be (-4)/12*6/(-1). Suppose 0*g = 3*u + 3*g - 21, -p*g = -3*u + 41. What is the remainder when (-4 + (-28)/(-12))*-18 is divided by u?
8
Let j(l) = -l**2 + 7*l + 10. Let u be j(8). Let y be (0 - (-1 + -3))/u. Suppose 22 = 5*g + y. Calculate the remainder when 11 is divided by g.
3
Let z(h) = -h**3 - 2*h**2 - 1. Let v = -99 + 101. Suppose -2*w = -a - 63, 3*w + 33 = -v*a + 124. What is the remainder when w is divided by z(-3)?
7
Let f(n) = n**2 - 1. Let m(o) = 2*o**2 + 10*o + 19. Let l(b) = -f(b) + m(b). Calculate the remainder when 139 is divided by l(-10).
19
Let b be (-3 - -1)*18/4. Suppose 532*q + 106 = 534*q. What is the remainder when q is divided by (-2)/b + 620/45?
11
Let v = 40 + -34. Suppose -8*b + 20 = -v*b. What is the remainder when b is divided by 4?
2
Suppose -5*s = -s + 56. Calculate the remainder when ((-20)/14)/(2/s) is divided by 2.
0
Suppose -5*t + 87 + 69 = v, 751 = 5*v - 4*t. Calculate the remainder when 440 is divided by v.
138
Suppose 0*z - p = 3*z - 2, -4*z + 3*p + 20 = 0. Suppose 5*s + z*j = -16 + 90, 34 = 2*s + 3*j. What is the remainder when 55 is divided by s?
13
Suppose -1035 = -9*q - 126. What is the remainder when q is divided by 35?
31
Let v(z) = -2*z - 9. Let s be v(-5). Suppose -2*y + s = -17. Calculate the remainder when 70 is divided by y.
7
What is the remainder when (17/4)/(23/184) is divided by (2 - 3) + 1 + 12?
10
Let n = 3 - 0. Suppose -5*r = -2*r - 2*a + 153, -4*r - 203 = -n*a. Let x = r + 80. Calculate the remainder when x is divided by 15.
12
Let g = -23005 + 23029. Calculate the remainder when g is divided by 1/(-1)*-7 + 1.
0
Suppose -4*o + 16 = 4*c, -2*o = 5*c - 1 - 4. Let s = 2 - c. Let d(y) = y**2 - 2. What is the remainder when d(s) is divided by 4?
3
Let t(k) = -3*k**3 - 46*k**2 - 18*k - 15. What is the remainder when 327 is divided by t(-15)?
27
Let y(m) = -m**3 - 6*m**2 + m - 25. Let f be 2/4*(-28)/8*4. Let k(t) = -t**3 + t**2 + 10. What is the remainder when y(f) is divided by k(0)?
7
Let h = 4 + 16. Suppose -h = -0*d - 2*d - 2*a, 4*d - 4*a = 16. Calculate the remainder when 11 is divided by d.
4
Suppose g + 0*g = -2, -g + 125 = f. Calculate the remainder when f is divided by 10.
7
Let m(k) = 3*k**2 - 5*k - 18. What is the remainder when 178 is divided by m(6)?
58
Suppose -4*f + 190 - 62 = 0. Calculate the remainder when f is divided by 6.
2
Suppose -m + 177 = 2*o, -218 - 242 = -5*o + m. What is the remainder when o is divided by 19?
15
Let v = 0 + 0. Let b = -57 - -53. What is the remainder when 66 is divided by (-4)/b - (-16 + v)?
15
Let h(t) = -t**3 + t**2 + t. Let k = -1 + 7. What is the remainder when h(-3) is divided by k?
3
Suppose 38*f - 756 = 24*f. What is the remainder when f is divided by 14?
12
Calculate the remainder when 770/15 - ((-16)/(-12) + -1) is divided by (-4)/1*(-3)/2.
3
Suppose -2*r - 2*s + 1246 = 0, 5*s + 10 + 0 = 0. What is the remainder when r is divided by 57?
55
Let l = 928 + -915. Calculate the remainder when 348 is divided by l.
10
Let g(w) = 46*w - 725. Calculate the remainder when 820 is divided by g(18).
99
Let c(z) = 6*z - 1. Suppose 4*v - 19 = 65. Let j = v + -9. What is the remainder when c(6) is divided by j?
11
Let z(y) = y**3 + 12*y**2 + 7*y - 22. Let o be z(-10). Suppose 0*k = -6*k + o. What is the remainder when 69 is divided by k?
15
Suppose 5*v + i - 32 = 0, -6*v + 3*i + 16 = -5*v. What is the remainder when v is divided by 3?
1
Suppose 5*y - 3*d - 140 = 40, -2*y = -2*d - 76. S